{"id":6564,"date":"2018-05-10T01:12:48","date_gmt":"2018-05-10T01:12:48","guid":{"rendered":"http:\/\/antiguacoffee.org\/?page_id=6564"},"modified":"2019-01-09T21:37:52","modified_gmt":"2019-01-09T21:37:52","slug":"finca-filadelfia","status":"publish","type":"page","link":"http:\/\/antiguacoffee.org\/index.php\/asociados\/finca-filadelfia\/","title":{"rendered":"Finca Filadelfia"},"content":{"rendered":"<section class=\"l-section wpb_row height_small color_primary with_img\"><div class=\"l-section-img\" style=\"background-image: url(http:\/\/antiguacoffee.org\/wp-content\/uploads\/2018\/04\/003.jpg);\" data-img-width=\"2000\" data-img-height=\"1200\"><\/div><div class=\"l-section-overlay\" style=\"background:rgba(68,0,0,0.75)\"><\/div><div class=\"l-section-h i-cf\"><div class=\"g-cols via_grid cols_1 laptops-cols_inherit tablets-cols_inherit mobiles-cols_1 valign_top type_default\"><div class=\"wpb_column vc_column_container\"><div class=\"vc_column-inner\">[vc_custom_heading source=&#8221;post_title&#8221; font_container=&#8221;tag:h2|text_align:center|color:%23ffffff&#8221; use_theme_fonts=&#8221;yes&#8221; css=&#8221;%7B%22default%22%3A%7B%22color%22%3A%22%23ffffff%22%7D%7D&#8221;]<div class=\"w-separator size_medium\"><\/div><\/div><\/div><\/div><\/div><\/section><section class=\"l-section wpb_row height_small\"><div class=\"l-section-h i-cf\"><div class=\"g-cols via_grid cols_1 laptops-cols_inherit tablets-cols_inherit mobiles-cols_1 valign_top type_default\"><div class=\"wpb_column vc_column_container\"><div class=\"vc_column-inner\"><div class=\"g-cols wpb_row via_grid cols_2 laptops-cols_inherit tablets-cols_inherit mobiles-cols_1 valign_middle type_default\"><div class=\"wpb_column vc_column_container\"><div class=\"vc_column-inner\"><div class=\"wpb_text_column\"><div class=\"wpb_wrapper\"><h1><span style=\"vertical-align: inherit\"><span style=\"vertical-align: inherit\">Finca Filadelfia<\/span><\/span><\/h1>\n<p><span id=\"u28543\"><span style=\"vertical-align: inherit\"><span style=\"vertical-align: inherit\">ALTURA:<\/span><\/span> 1,560 a 2,476 pies snm<br \/>\n<\/span><span style=\"vertical-align: inherit\"><span style=\"vertical-align: inherit\"> \u00c1rea: 214 hect\u00e1reas <\/span><\/span><br \/>\n<span style=\"vertical-align: inherit\"><span style=\"vertical-align: inherit\">PRODUCCI\u00d3N: <\/span><\/span><br \/>\n<span style=\"vertical-align: inherit\"><span style=\"vertical-align: inherit\">Capacidad: 20,000 quintales maduro <\/span><\/span><br \/>\n<span style=\"vertical-align: inherit\"><span style=\"vertical-align: inherit\">VARIEDAD: Bourbon, Caturra, Pacamara <\/span><\/span><br \/>\n<span style=\"vertical-align: inherit\"><span style=\"vertical-align: inherit\">BENEFICIO SECO: Si <\/span><\/span><br \/>\n<span style=\"vertical-align: inherit\"><span style=\"vertical-align: inherit\">BENEFICIO H\u00famedo: Si <\/span><\/span><br \/>\n<span style=\"vertical-align: inherit\"><span style=\"vertical-align: inherit\">TELEFONO: (502) 7728-0800<\/span><\/span><br \/>\n<span style=\"vertical-align: inherit\"><span style=\"vertical-align: inherit\">MARCA: R Dalton <\/span><\/span><br \/>\n<span style=\"vertical-align: inherit\"><span style=\"vertical-align: inherit\">CONTACTO: Carlos Samayoa <\/span><\/span><br \/>\n<span style=\"vertical-align: inherit\"><span style=\"vertical-align: inherit\">E-MAIL: csamayoa@rdalton.gt\u00a0<\/span><\/span><br \/>\n<span style=\"vertical-align: inherit\"><span style=\"vertical-align: inherit\">SITIO WEB: <a href=\"http:\/\/www.rdaltoncoffee.com\">www.rdaltoncoffee.com<\/a><\/span><\/span><\/p>\n<\/div><\/div><\/div><\/div><div class=\"wpb_column vc_column_container\"><div class=\"vc_column-inner\"><div class=\"w-image align_center\"><div class=\"w-image-h\"><img width=\"400\" height=\"400\" src=\"http:\/\/antiguacoffee.org\/wp-content\/uploads\/2018\/05\/27654489_2319136708097322_9083769340701379378_n.jpg\" class=\"attachment-full size-full\" alt=\"\" loading=\"lazy\" srcset=\"http:\/\/antiguacoffee.org\/wp-content\/uploads\/2018\/05\/27654489_2319136708097322_9083769340701379378_n.jpg 400w, http:\/\/antiguacoffee.org\/wp-content\/uploads\/2018\/05\/27654489_2319136708097322_9083769340701379378_n-150x150.jpg 150w, http:\/\/antiguacoffee.org\/wp-content\/uploads\/2018\/05\/27654489_2319136708097322_9083769340701379378_n-300x300.jpg 300w, http:\/\/antiguacoffee.org\/wp-content\/uploads\/2018\/05\/27654489_2319136708097322_9083769340701379378_n-350x350.jpg 350w\" sizes=\"(max-width: 400px) 100vw, 400px\" \/><\/div><\/div><\/div><\/div><\/div><div class=\"w-separator size_medium\"><\/div><div class=\"w-tabs layout_hor style_trendy switch_click has_scrolling\" style=\"--sections-title-size:26px\"><div class=\"w-tabs-list items_2 stretch\"><div class=\"w-tabs-list-h\"><a class=\"w-tabs-item active\" aria-controls=\"content-d2c7\" href=\"javascript:void(0);\"><span class=\"w-tabs-item-title\">Mapa<\/span><\/a><a class=\"w-tabs-item\" aria-controls=\"content-e914\" href=\"javascript:void(0);\"><span class=\"w-tabs-item-title\">Galer\u00eda<\/span><\/a><\/div><\/div><div class=\"w-tabs-sections titles-align_none icon_chevron cpos_right\"><div class=\"w-tabs-section active\" id=\"map\"><button aria-controls=\"content-map\" class=\"w-tabs-section-header active\"><div class=\"w-tabs-section-title\">Mapa<\/div><div class=\"w-tabs-section-control\"><\/div><\/button><div class=\"w-tabs-section-content\" id=\"content-map\" aria-expanded=\"true\"><div class=\"w-tabs-section-content-h i-cf\"><div class=\"w-map provider_google\" id=\"us_map_1\"><div class=\"w-map-json\" onclick='return {&quot;address&quot;:&quot;14.579987 -90.732423&quot;,&quot;zoom&quot;:14,&quot;hideControls&quot;:0,&quot;disableZoom&quot;:0,&quot;disableDragging&quot;:0,&quot;markers&quot;:[{&quot;address&quot;:&quot;14.579987 -90.732423&quot;,&quot;html&quot;:&quot;&lt;h6&gt;Hey, we are here!&lt;\\\/h6&gt;&lt;p&gt;We will be glad to see you in our office.&lt;\\\/p&gt;&quot;,&quot;infowindow&quot;:false}],&quot;maptype&quot;:&quot;ROADMAP&quot;}'><\/div><\/div><\/div><\/div><\/div><div class=\"w-tabs-section\" id=\"galer\u00eda\"><button aria-controls=\"content-galer\u00eda\" class=\"w-tabs-section-header\"><div class=\"w-tabs-section-title\">Galer\u00eda<\/div><div class=\"w-tabs-section-control\"><\/div><\/button><div class=\"w-tabs-section-content\" id=\"content-galer\u00eda\" aria-expanded=\"false\"><div class=\"w-tabs-section-content-h i-cf\"><div class=\"g-cols wpb_row via_grid cols_1 laptops-cols_inherit tablets-cols_inherit mobiles-cols_1 valign_top type_default\"><div class=\"wpb_column vc_column_container\"><div class=\"vc_column-inner\"><div class=\"w-slider style_none fit_scaledown\"><div class=\"w-slider-h\"><div class=\"royalSlider\"><div class=\"rsContent\"><a class=\"rsImg\" data-rsw=\"600\" data-rsh=\"600\" href=\"http:\/\/antiguacoffee.org\/wp-content\/uploads\/2017\/01\/us-placeholder-square.jpg\"><span data-alt=\"\"><\/span><\/a><img width=\"150\" height=\"150\" src=\"http:\/\/antiguacoffee.org\/wp-content\/uploads\/2017\/01\/us-placeholder-square-150x150.jpg\" class=\"rsTmb\" alt=\"\" loading=\"lazy\" srcset=\"http:\/\/antiguacoffee.org\/wp-content\/uploads\/2017\/01\/us-placeholder-square-150x150.jpg 150w, http:\/\/antiguacoffee.org\/wp-content\/uploads\/2017\/01\/us-placeholder-square-300x300.jpg 300w, http:\/\/antiguacoffee.org\/wp-content\/uploads\/2017\/01\/us-placeholder-square-768x768.jpg 768w, http:\/\/antiguacoffee.org\/wp-content\/uploads\/2017\/01\/us-placeholder-square-1024x1024.jpg 1024w, http:\/\/antiguacoffee.org\/wp-content\/uploads\/2017\/01\/us-placeholder-square-350x350.jpg 350w, http:\/\/antiguacoffee.org\/wp-content\/uploads\/2017\/01\/us-placeholder-square-600x600.jpg 600w, http:\/\/antiguacoffee.org\/wp-content\/uploads\/2017\/01\/us-placeholder-square.jpg 1200w\" sizes=\"(max-width: 150px) 100vw, 150px\" \/><\/div><div class=\"rsContent\"><a class=\"rsImg\" data-rsw=\"600\" data-rsh=\"900\" href=\"http:\/\/antiguacoffee.org\/wp-content\/uploads\/2017\/01\/us-placeholder-portrait.jpg\"><span data-alt=\"\"><\/span><\/a><img width=\"150\" height=\"150\" src=\"http:\/\/antiguacoffee.org\/wp-content\/uploads\/2017\/01\/us-placeholder-portrait-150x150.jpg\" class=\"rsTmb\" alt=\"\" loading=\"lazy\" srcset=\"http:\/\/antiguacoffee.org\/wp-content\/uploads\/2017\/01\/us-placeholder-portrait-150x150.jpg 150w, http:\/\/antiguacoffee.org\/wp-content\/uploads\/2017\/01\/us-placeholder-portrait-350x350.jpg 350w, http:\/\/antiguacoffee.org\/wp-content\/uploads\/2017\/01\/us-placeholder-portrait-600x600.jpg 600w\" sizes=\"(max-width: 150px) 100vw, 150px\" \/><\/div><div class=\"rsContent\"><a class=\"rsImg\" data-rsw=\"600\" data-rsh=\"400\" href=\"http:\/\/antiguacoffee.org\/wp-content\/uploads\/2017\/02\/us-placeholder-landscape.jpg\"><span data-alt=\"\"><\/span><\/a><img width=\"150\" height=\"150\" src=\"http:\/\/antiguacoffee.org\/wp-content\/uploads\/2017\/02\/us-placeholder-landscape-150x150.jpg\" class=\"rsTmb\" alt=\"\" loading=\"lazy\" srcset=\"http:\/\/antiguacoffee.org\/wp-content\/uploads\/2017\/02\/us-placeholder-landscape-150x150.jpg 150w, http:\/\/antiguacoffee.org\/wp-content\/uploads\/2017\/02\/us-placeholder-landscape-350x350.jpg 350w, http:\/\/antiguacoffee.org\/wp-content\/uploads\/2017\/02\/us-placeholder-landscape-600x600.jpg 600w\" sizes=\"(max-width: 150px) 100vw, 150px\" \/><\/div><\/div><img src=\"http:\/\/antiguacoffee.org\/wp-content\/uploads\/2017\/01\/us-placeholder-square.jpg\" width=\"600\" height=\"600\" alt loading=\"lazy\"><\/div><div class=\"w-slider-json\" onclick='return {&quot;loop&quot;:true,&quot;fadeInLoadedSlide&quot;:false,&quot;slidesSpacing&quot;:0,&quot;imageScalePadding&quot;:0,&quot;numImagesToPreload&quot;:2,&quot;arrowsNav&quot;:true,&quot;arrowsNavAutoHide&quot;:false,&quot;transitionType&quot;:&quot;fade&quot;,&quot;transitionSpeed&quot;:250,&quot;block&quot;:{&quot;moveEffect&quot;:&quot;none&quot;,&quot;speed&quot;:300},&quot;controlNavigation&quot;:&quot;thumbnails&quot;,&quot;imageScaleMode&quot;:&quot;fit-if-smaller&quot;,&quot;autoScaleSlider&quot;:true,&quot;autoScaleSliderWidth&quot;:600,&quot;autoScaleSliderHeight&quot;:600,&quot;fitInViewport&quot;:false}'><\/div><\/div><\/div><\/div><\/div><\/div><\/div><\/div><\/div><\/div><\/div><\/div><\/div><\/div><\/section>\n","protected":false},"excerpt":{"rendered":"[vc_custom_heading source=\"post_title\" font_container=\"tag:h2|text_align:center|color:%23ffffff\" use_theme_fonts=\"yes\"]Finca Filadelfia ALTURA: 1,560 a 2,476 pies snm \u00c1rea: 214 hect\u00e1reas PRODUCCI\u00d3N: Capacidad: 20,000 quintales maduro VARIEDAD: Bourbon, Caturra, Pacamara BENEFICIO SECO: Si BENEFICIO H\u00famedo: Si TELEFONO: (502) 7728-0800 MARCA: R Dalton CONTACTO: Carlos Samayoa E-MAIL: csamayoa@rdalton.gt\u00a0 SITIO WEB: www.rdaltoncoffee.com MapaGaler\u00edaMapaGaler\u00eda","protected":false},"author":2,"featured_media":0,"parent":1194,"menu_order":0,"comment_status":"closed","ping_status":"closed","template":"","meta":[],"_links":{"self":[{"href":"http:\/\/antiguacoffee.org\/index.php\/wp-json\/wp\/v2\/pages\/6564"}],"collection":[{"href":"http:\/\/antiguacoffee.org\/index.php\/wp-json\/wp\/v2\/pages"}],"about":[{"href":"http:\/\/antiguacoffee.org\/index.php\/wp-json\/wp\/v2\/types\/page"}],"author":[{"embeddable":true,"href":"http:\/\/antiguacoffee.org\/index.php\/wp-json\/wp\/v2\/users\/2"}],"replies":[{"embeddable":true,"href":"http:\/\/antiguacoffee.org\/index.php\/wp-json\/wp\/v2\/comments?post=6564"}],"version-history":[{"count":7,"href":"http:\/\/antiguacoffee.org\/index.php\/wp-json\/wp\/v2\/pages\/6564\/revisions"}],"predecessor-version":[{"id":6740,"href":"http:\/\/antiguacoffee.org\/index.php\/wp-json\/wp\/v2\/pages\/6564\/revisions\/6740"}],"up":[{"embeddable":true,"href":"http:\/\/antiguacoffee.org\/index.php\/wp-json\/wp\/v2\/pages\/1194"}],"wp:attachment":[{"href":"http:\/\/antiguacoffee.org\/index.php\/wp-json\/wp\/v2\/media?parent=6564"}],"curies":[{"name":"wp","href":"https:\/\/api.w.org\/{rel}","templated":true}]}}