{"id":6448,"date":"2018-05-09T15:13:35","date_gmt":"2018-05-09T15:13:35","guid":{"rendered":"http:\/\/antiguacoffee.org\/?page_id=6448"},"modified":"2019-01-09T21:37:53","modified_gmt":"2019-01-09T21:37:53","slug":"colombia","status":"publish","type":"page","link":"http:\/\/antiguacoffee.org\/index.php\/asociados\/colombia\/","title":{"rendered":"Colombia"},"content":{"rendered":"<section class=\"l-section wpb_row height_small color_primary with_img\"><div class=\"l-section-img\" style=\"background-image: url(http:\/\/antiguacoffee.org\/wp-content\/uploads\/2018\/04\/003.jpg);\" data-img-width=\"2000\" data-img-height=\"1200\"><\/div><div class=\"l-section-overlay\" style=\"background:rgba(68,0,0,0.75)\"><\/div><div class=\"l-section-h i-cf\"><div class=\"g-cols via_grid cols_1 laptops-cols_inherit tablets-cols_inherit mobiles-cols_1 valign_top type_default\"><div class=\"wpb_column vc_column_container\"><div class=\"vc_column-inner\">[vc_custom_heading source=&#8221;post_title&#8221; font_container=&#8221;tag:h2|text_align:center|color:%23ffffff&#8221; use_theme_fonts=&#8221;yes&#8221; css=&#8221;%7B%22default%22%3A%7B%22color%22%3A%22%23ffffff%22%7D%7D&#8221;]<div class=\"w-separator size_medium\"><\/div><\/div><\/div><\/div><\/div><\/section><section class=\"l-section wpb_row height_small\"><div class=\"l-section-h i-cf\"><div class=\"g-cols via_grid cols_1 laptops-cols_inherit tablets-cols_inherit mobiles-cols_1 valign_top type_default\"><div class=\"wpb_column vc_column_container\"><div class=\"vc_column-inner\"><div class=\"g-cols wpb_row via_grid cols_2 laptops-cols_inherit tablets-cols_inherit mobiles-cols_1 valign_middle type_default\"><div class=\"wpb_column vc_column_container\"><div class=\"vc_column-inner\"><div class=\"wpb_text_column\"><div class=\"wpb_wrapper\"><h1>Colombia<\/h1>\n<p id=\"u11993-4\">CONTACTO: Ren\u00e9 M\u00e9ndez Asensio<br \/>\nE-MAIL: <a href=\"mailto:fincacolombia@fincacolombia.com.gt\">fincacolombia@fincacolombia.com.gt<\/a><br \/>\nWEBSITE: <a href=\"http:\/\/www.fincacolombia.com.gt\">www.fincacolombia.com.gt<\/a><\/p>\n<\/div><\/div><div class=\"w-socials us_custom_a5c88937 color_brand shape_square style_default hover_fade\"><div class=\"w-socials-list\"><div class=\"w-socials-item facebook\"><a class=\"w-socials-item-link\" href=\"https:\/\/www.facebook.com\/FincaColombia\" target=\"_blank\" rel=\"noopener nofollow\" title=\"Facebook\" aria-label=\"Facebook\"><span class=\"w-socials-item-link-hover\"><\/span><i class=\"fab fa-facebook\"><\/i><\/a><div class=\"w-socials-item-popup\"><span>Facebook<\/span><\/div><\/div><div class=\"w-socials-item instagram\"><a class=\"w-socials-item-link\" href=\"https:\/\/www.instagram.com\/fincacolombia\/\" target=\"_blank\" rel=\"noopener nofollow\" title=\"Instagram\" aria-label=\"Instagram\"><span class=\"w-socials-item-link-hover\"><\/span><i class=\"fab fa-instagram\"><\/i><\/a><div class=\"w-socials-item-popup\"><span>Instagram<\/span><\/div><\/div><\/div><\/div><\/div><\/div><div class=\"wpb_column vc_column_container\"><div class=\"vc_column-inner\"><div class=\"w-image align_center\"><div class=\"w-image-h\"><img width=\"285\" height=\"115\" src=\"http:\/\/antiguacoffee.org\/wp-content\/uploads\/2018\/05\/finca-colombia.jpg\" class=\"attachment-full size-full\" alt=\"\" loading=\"lazy\" \/><\/div><\/div><\/div><\/div><\/div><div class=\"w-separator size_medium\"><\/div><div class=\"w-tabs layout_hor style_trendy switch_click has_scrolling\" style=\"--sections-title-size:26px\"><div class=\"w-tabs-list items_3 stretch\"><div class=\"w-tabs-list-h\"><a class=\"w-tabs-item active\" aria-controls=\"content-l46f\" href=\"javascript:void(0);\"><span class=\"w-tabs-item-title\">Mapa<\/span><\/a><a class=\"w-tabs-item\" aria-controls=\"content-s378\" href=\"javascript:void(0);\"><span class=\"w-tabs-item-title\">Galer\u00eda<\/span><\/a><a class=\"w-tabs-item\" aria-controls=\"content-i4ec\" href=\"javascript:void(0);\"><span class=\"w-tabs-item-title\">Historia<\/span><\/a><\/div><\/div><div class=\"w-tabs-sections titles-align_none icon_chevron cpos_right\"><div class=\"w-tabs-section active\" id=\"map\"><button aria-controls=\"content-map\" class=\"w-tabs-section-header active\"><div class=\"w-tabs-section-title\">Mapa<\/div><div class=\"w-tabs-section-control\"><\/div><\/button><div class=\"w-tabs-section-content\" id=\"content-map\" aria-expanded=\"true\"><div class=\"w-tabs-section-content-h i-cf\"><div class=\"w-map provider_google\" id=\"us_map_1\"><div class=\"w-map-json\" onclick='return {&quot;address&quot;:&quot;14.6051995 -90.6657331&quot;,&quot;zoom&quot;:14,&quot;hideControls&quot;:0,&quot;disableZoom&quot;:0,&quot;disableDragging&quot;:0,&quot;markers&quot;:[{&quot;address&quot;:&quot;14.6051995 -90.6657331&quot;,&quot;html&quot;:&quot;&lt;h6&gt;Hey, we are here!&lt;\\\/h6&gt;&lt;p&gt;We will be glad to see you in our office.&lt;\\\/p&gt;&quot;,&quot;infowindow&quot;:false}],&quot;maptype&quot;:&quot;ROADMAP&quot;}'><\/div><\/div><\/div><\/div><\/div><div class=\"w-tabs-section\" id=\"galer\u00eda\"><button aria-controls=\"content-galer\u00eda\" class=\"w-tabs-section-header\"><div class=\"w-tabs-section-title\">Galer\u00eda<\/div><div class=\"w-tabs-section-control\"><\/div><\/button><div class=\"w-tabs-section-content\" id=\"content-galer\u00eda\" aria-expanded=\"false\"><div class=\"w-tabs-section-content-h i-cf\"><div class=\"g-cols wpb_row via_grid cols_1 laptops-cols_inherit tablets-cols_inherit mobiles-cols_1 valign_top type_default\"><div class=\"wpb_column vc_column_container\"><div class=\"vc_column-inner\"><div class=\"w-slider style_none fit_scaledown\"><div class=\"w-slider-h\"><div class=\"royalSlider\"><div class=\"rsContent\"><a class=\"rsImg\" data-rsw=\"600\" data-rsh=\"400\" href=\"http:\/\/antiguacoffee.org\/wp-content\/uploads\/2018\/05\/IMG_2919-600x400.jpg\"><span data-alt=\"\"><\/span><\/a><img width=\"150\" height=\"150\" src=\"http:\/\/antiguacoffee.org\/wp-content\/uploads\/2018\/05\/IMG_2919-150x150.jpg\" class=\"rsTmb\" alt=\"\" loading=\"lazy\" srcset=\"http:\/\/antiguacoffee.org\/wp-content\/uploads\/2018\/05\/IMG_2919-150x150.jpg 150w, http:\/\/antiguacoffee.org\/wp-content\/uploads\/2018\/05\/IMG_2919-350x350.jpg 350w, http:\/\/antiguacoffee.org\/wp-content\/uploads\/2018\/05\/IMG_2919-600x600.jpg 600w\" sizes=\"(max-width: 150px) 100vw, 150px\" \/><\/div><div class=\"rsContent\"><a class=\"rsImg\" data-rsw=\"600\" data-rsh=\"450\" href=\"http:\/\/antiguacoffee.org\/wp-content\/uploads\/2018\/05\/Plantaciones-600x450.jpg\"><span data-alt=\"\"><\/span><\/a><img width=\"150\" height=\"150\" src=\"http:\/\/antiguacoffee.org\/wp-content\/uploads\/2018\/05\/Plantaciones-150x150.jpg\" class=\"rsTmb\" alt=\"\" loading=\"lazy\" srcset=\"http:\/\/antiguacoffee.org\/wp-content\/uploads\/2018\/05\/Plantaciones-150x150.jpg 150w, http:\/\/antiguacoffee.org\/wp-content\/uploads\/2018\/05\/Plantaciones-350x350.jpg 350w, http:\/\/antiguacoffee.org\/wp-content\/uploads\/2018\/05\/Plantaciones-600x600.jpg 600w\" sizes=\"(max-width: 150px) 100vw, 150px\" \/><\/div><div class=\"rsContent\"><a class=\"rsImg\" data-rsw=\"600\" data-rsh=\"400\" href=\"http:\/\/antiguacoffee.org\/wp-content\/uploads\/2018\/05\/IMG_1760-600x400.jpg\"><span data-alt=\"\"><\/span><\/a><img width=\"150\" height=\"150\" src=\"http:\/\/antiguacoffee.org\/wp-content\/uploads\/2018\/05\/IMG_1760-150x150.jpg\" class=\"rsTmb\" alt=\"\" loading=\"lazy\" srcset=\"http:\/\/antiguacoffee.org\/wp-content\/uploads\/2018\/05\/IMG_1760-150x150.jpg 150w, http:\/\/antiguacoffee.org\/wp-content\/uploads\/2018\/05\/IMG_1760-350x350.jpg 350w, http:\/\/antiguacoffee.org\/wp-content\/uploads\/2018\/05\/IMG_1760-600x600.jpg 600w\" sizes=\"(max-width: 150px) 100vw, 150px\" \/><\/div><div class=\"rsContent\"><a class=\"rsImg\" data-rsw=\"600\" data-rsh=\"400\" href=\"http:\/\/antiguacoffee.org\/wp-content\/uploads\/2018\/05\/IMG_1766-600x400.jpg\"><span data-alt=\"\"><\/span><\/a><img width=\"150\" height=\"150\" src=\"http:\/\/antiguacoffee.org\/wp-content\/uploads\/2018\/05\/IMG_1766-150x150.jpg\" class=\"rsTmb\" alt=\"\" loading=\"lazy\" srcset=\"http:\/\/antiguacoffee.org\/wp-content\/uploads\/2018\/05\/IMG_1766-150x150.jpg 150w, http:\/\/antiguacoffee.org\/wp-content\/uploads\/2018\/05\/IMG_1766-350x350.jpg 350w, http:\/\/antiguacoffee.org\/wp-content\/uploads\/2018\/05\/IMG_1766-600x600.jpg 600w\" sizes=\"(max-width: 150px) 100vw, 150px\" \/><\/div><div class=\"rsContent\"><a class=\"rsImg\" data-rsw=\"600\" data-rsh=\"400\" href=\"http:\/\/antiguacoffee.org\/wp-content\/uploads\/2018\/05\/IMG_1773-600x400.jpg\"><span data-alt=\"\"><\/span><\/a><img width=\"150\" height=\"150\" src=\"http:\/\/antiguacoffee.org\/wp-content\/uploads\/2018\/05\/IMG_1773-150x150.jpg\" class=\"rsTmb\" alt=\"\" loading=\"lazy\" srcset=\"http:\/\/antiguacoffee.org\/wp-content\/uploads\/2018\/05\/IMG_1773-150x150.jpg 150w, http:\/\/antiguacoffee.org\/wp-content\/uploads\/2018\/05\/IMG_1773-350x350.jpg 350w, http:\/\/antiguacoffee.org\/wp-content\/uploads\/2018\/05\/IMG_1773-600x600.jpg 600w\" sizes=\"(max-width: 150px) 100vw, 150px\" \/><\/div><div class=\"rsContent\"><a class=\"rsImg\" data-rsw=\"600\" data-rsh=\"900\" href=\"http:\/\/antiguacoffee.org\/wp-content\/uploads\/2018\/05\/IMG_1814-600x900.jpg\"><span data-alt=\"\"><\/span><\/a><img width=\"150\" height=\"150\" src=\"http:\/\/antiguacoffee.org\/wp-content\/uploads\/2018\/05\/IMG_1814-150x150.jpg\" class=\"rsTmb\" alt=\"\" loading=\"lazy\" srcset=\"http:\/\/antiguacoffee.org\/wp-content\/uploads\/2018\/05\/IMG_1814-150x150.jpg 150w, http:\/\/antiguacoffee.org\/wp-content\/uploads\/2018\/05\/IMG_1814-350x350.jpg 350w, http:\/\/antiguacoffee.org\/wp-content\/uploads\/2018\/05\/IMG_1814-600x600.jpg 600w\" sizes=\"(max-width: 150px) 100vw, 150px\" \/><\/div><div class=\"rsContent\"><a class=\"rsImg\" data-rsw=\"600\" data-rsh=\"400\" href=\"http:\/\/antiguacoffee.org\/wp-content\/uploads\/2018\/05\/IMG_2882-600x400.jpg\"><span data-alt=\"\"><\/span><\/a><img width=\"150\" height=\"150\" src=\"http:\/\/antiguacoffee.org\/wp-content\/uploads\/2018\/05\/IMG_2882-150x150.jpg\" class=\"rsTmb\" alt=\"\" loading=\"lazy\" srcset=\"http:\/\/antiguacoffee.org\/wp-content\/uploads\/2018\/05\/IMG_2882-150x150.jpg 150w, http:\/\/antiguacoffee.org\/wp-content\/uploads\/2018\/05\/IMG_2882-350x350.jpg 350w, http:\/\/antiguacoffee.org\/wp-content\/uploads\/2018\/05\/IMG_2882-600x600.jpg 600w\" sizes=\"(max-width: 150px) 100vw, 150px\" \/><\/div><div class=\"rsContent\"><a class=\"rsImg\" data-rsw=\"600\" data-rsh=\"400\" href=\"http:\/\/antiguacoffee.org\/wp-content\/uploads\/2018\/05\/IMG_2889-600x400.jpg\"><span data-alt=\"\"><\/span><\/a><img width=\"150\" height=\"150\" src=\"http:\/\/antiguacoffee.org\/wp-content\/uploads\/2018\/05\/IMG_2889-150x150.jpg\" class=\"rsTmb\" alt=\"\" loading=\"lazy\" srcset=\"http:\/\/antiguacoffee.org\/wp-content\/uploads\/2018\/05\/IMG_2889-150x150.jpg 150w, http:\/\/antiguacoffee.org\/wp-content\/uploads\/2018\/05\/IMG_2889-350x350.jpg 350w, http:\/\/antiguacoffee.org\/wp-content\/uploads\/2018\/05\/IMG_2889-600x600.jpg 600w\" sizes=\"(max-width: 150px) 100vw, 150px\" \/><\/div><\/div><img src=\"http:\/\/antiguacoffee.org\/wp-content\/uploads\/2018\/05\/IMG_2919-600x400.jpg\" width=\"600\" height=\"400\" alt loading=\"lazy\"><\/div><div class=\"w-slider-json\" onclick='return {&quot;loop&quot;:true,&quot;fadeInLoadedSlide&quot;:false,&quot;slidesSpacing&quot;:0,&quot;imageScalePadding&quot;:0,&quot;numImagesToPreload&quot;:2,&quot;arrowsNav&quot;:true,&quot;arrowsNavAutoHide&quot;:false,&quot;transitionType&quot;:&quot;fade&quot;,&quot;transitionSpeed&quot;:250,&quot;block&quot;:{&quot;moveEffect&quot;:&quot;none&quot;,&quot;speed&quot;:300},&quot;controlNavigation&quot;:&quot;thumbnails&quot;,&quot;imageScaleMode&quot;:&quot;fit-if-smaller&quot;,&quot;autoScaleSlider&quot;:true,&quot;autoScaleSliderWidth&quot;:600,&quot;autoScaleSliderHeight&quot;:400,&quot;fitInViewport&quot;:false}'><\/div><\/div><\/div><\/div><\/div><\/div><\/div><\/div><div class=\"w-tabs-section\" id=\"1525878551886-e4e876ba-b1e5\"><button aria-controls=\"content-1525878551886-e4e876ba-b1e5\" class=\"w-tabs-section-header\"><div class=\"w-tabs-section-title\">Historia<\/div><div class=\"w-tabs-section-control\"><\/div><\/button><div class=\"w-tabs-section-content\" id=\"content-1525878551886-e4e876ba-b1e5\" aria-expanded=\"false\"><div class=\"w-tabs-section-content-h i-cf\"><div class=\"wpb_text_column\"><div class=\"wpb_wrapper\"><p>Esta finca se ha caracterizado por ser una empresa familiar desde 1925 que a trav\u00e9s de generaciones, y sirvi\u00e9ndose de t\u00e9cnicas artesanales, ha logrado alcanzar un excelente caf\u00e9. Nuestra producci\u00f3n se realiza respetando la naturaleza,\u00a0 y cuidando de la flora y fauna existentes.<\/p>\n<\/div><\/div><\/div><\/div><\/div><\/div><\/div><\/div><\/div><\/div><\/div><\/section>\n","protected":false},"excerpt":{"rendered":"[vc_custom_heading source=\"post_title\" font_container=\"tag:h2|text_align:center|color:%23ffffff\" use_theme_fonts=\"yes\"]Colombia CONTACTO: Ren\u00e9 M\u00e9ndez Asensio E-MAIL: fincacolombia@fincacolombia.com.gt WEBSITE: www.fincacolombia.com.gt FacebookInstagramMapaGaler\u00edaHistoriaMapaGaler\u00edaHistoriaEsta finca se ha caracterizado por ser una empresa familiar desde 1925 que a trav\u00e9s de generaciones, y sirvi\u00e9ndose de t\u00e9cnicas artesanales, ha logrado alcanzar un excelente caf\u00e9. Nuestra producci\u00f3n se realiza respetando la naturaleza,\u00a0 y cuidando de la flora y fauna existentes.","protected":false},"author":2,"featured_media":0,"parent":1194,"menu_order":0,"comment_status":"closed","ping_status":"closed","template":"","meta":[],"_links":{"self":[{"href":"http:\/\/antiguacoffee.org\/index.php\/wp-json\/wp\/v2\/pages\/6448"}],"collection":[{"href":"http:\/\/antiguacoffee.org\/index.php\/wp-json\/wp\/v2\/pages"}],"about":[{"href":"http:\/\/antiguacoffee.org\/index.php\/wp-json\/wp\/v2\/types\/page"}],"author":[{"embeddable":true,"href":"http:\/\/antiguacoffee.org\/index.php\/wp-json\/wp\/v2\/users\/2"}],"replies":[{"embeddable":true,"href":"http:\/\/antiguacoffee.org\/index.php\/wp-json\/wp\/v2\/comments?post=6448"}],"version-history":[{"count":7,"href":"http:\/\/antiguacoffee.org\/index.php\/wp-json\/wp\/v2\/pages\/6448\/revisions"}],"predecessor-version":[{"id":6459,"href":"http:\/\/antiguacoffee.org\/index.php\/wp-json\/wp\/v2\/pages\/6448\/revisions\/6459"}],"up":[{"embeddable":true,"href":"http:\/\/antiguacoffee.org\/index.php\/wp-json\/wp\/v2\/pages\/1194"}],"wp:attachment":[{"href":"http:\/\/antiguacoffee.org\/index.php\/wp-json\/wp\/v2\/media?parent=6448"}],"curies":[{"name":"wp","href":"https:\/\/api.w.org\/{rel}","templated":true}]}}